 i. Is l prime?
False
Let m be 8/(-28) + (-92)/(-28). Suppose 4*p - z = 20786 - 170, -5*p + m*z + 25763 = 0. Is p a prime number?
False
Let b be (5 - 2)/(10/5830). Suppose 4*n - b = n. Is n composite?
True
Let x(d) = -270*d - 26. Let f be x(-4). Is (f/3 - 5)/(2/6) a prime number?
True
Is 7*113 + -2*(10 + -9) composite?
True
Suppose -3*h - 4*x = -13, h + x = 3*x - 9. Let l be (-220)/(-28) + h/(-7). Is 106*2/l*10 a composite number?
True
Let w be ((-13)/4)/((-2)/232). Let i = 912 - w. Is i prime?
False
Suppose 5*s - 331 = 234. Is s prime?
True
Let g be 0/((-1 - (0 - -1))/1). Suppose -3689 = -5*j + 2*b, 5*j + g*j - 3683 = 4*b. Is j composite?
False
Is 6/(-33) - 24577/(-231)*3 prime?
False
Let w(n) = 5*n**2 - 12*n + 3. Let a be w(-13). Let u = a + -342. Is u a composite number?
True
Let j(v) = -v**3 - 8*v**2 - 2*v + 10. Let h be j(-8). Let i be (-4)/h - 24/(-156). Suppose -2*x = -i*x - 654. Is x a composite number?
True
Suppose 29 - 11 = 6*n. Suppose 4*z = -n*z + 17962. Is z composite?
True
Suppose -1648 = -x + t - 5*t, 0 = -2*x + t + 3269. Suppose -4*b - a = 83 - 2276, 3*b - x = a. Is b a composite number?
False
Let n be (-1)/(-3) + 1022/(-42). Let f be (-3 - -1)*36/n. Suppose 4*c = q + 192, 4 = f*q - 4*q. Is c a composite number?
False
Let u(a) = 2371*a + 2. Let g be u(1). Suppose -f + 2*o + 1277 = 0, 3*o - 1431 = -3*f + g. Is f prime?
False
Let p(f) = 89*f**2 + 154*f + 21. Is p(-22) a composite number?
False
Suppose 102*m - 96*m = 6402. Is m prime?
False
Let r be (12/(-3) - -4)*(-3)/3. Suppose r = -p - 2877 + 10246. Is p a prime number?
True
Is ((-1278852)/114)/(-1 + -1 - 0) prime?
False
Suppose -2*d + 6 = 4*b, b = -4*d + 3*b + 12. Is -3 + 50/15 - (-1550)/d composite?
True
Let k = -12 - -12. Suppose k = -b - 14 - 7. Is ((-154)/6)/(7/b) prime?
False
Let y be (-2823)/(-8) - (-3)/24. Let i = -22 + y. Is i a prime number?
True
Suppose 0*k - k = -5971. Suppose -3*u - j + k - 843 = 0, 5*u - 4*j = 8541. Is u prime?
True
Let p be ((-21)/14)/(2/(-12))*-91. Let h = 1738 + p. Is h a prime number?
True
Let h = 2335 + -1086. Is h a prime number?
True
Let k = 354 + -142. Let t = k + 667. Suppose -2*z = z - t. Is z composite?
False
Suppose -16*z - 35282 = -147202. Is z a composite number?
True
Suppose o + 320 = -3*w, 0 = -4*w - 4 + 12. Is (1 + (4 - 2))*o/(-2) a composite number?
True
Suppose -t - 2*k = -11237, 7*k - 4*k = -4*t + 44963. Is t prime?
True
Suppose 3*l = n - 2*n + 20, -52 = -5*n - 3*l. Suppose n = -5*m + 18. Suppose 4*o = m*o + 898. Is o prime?
True
Suppose -5*v = -0*c - 4*c + 64, -2*c + 3*v + 32 = 0. Suppose c*s = 22*s - 4542. Is s a prime number?
True
Let v = 21165 - 15046. Is v a prime number?
False
Let z(v) be the second derivative of 3*v**4/4 + v**3/3 + 8*v**2 + 5*v. Is z(5) a composite number?
False
Let z = -28 + 32. Let b be (z/5)/((-19)/(-95)). Suppose 2*t + 3*t = q + 184, 4*t = b*q + 144. Is t composite?
False
Let j(s) = -125*s**2 + 2*s - 6. Let q(n) = -63*n**2 + n - 3. Let y(t) = 3*j(t) - 7*q(t). Suppose 314 = 8*u + 298. Is y(u) a prime number?
False
Suppose 3*t + 1694 = -5*c + 53658, -5*c + 51952 = -t. Is c prime?
True
Let p be (-2)/5 - 152/20. Let x(g) = -g**3 - 3*g**2 - 9*g - 3. Is x(p) prime?
True
Suppose 5*p - 3*j = 62017, -p - 3*j + 16424 - 4035 = 0. Is p composite?
False
Let n(p) = 1 + 2*p + 203*p**2 + 3 - 3 + 0. Is n(2) prime?
False
Suppose 5*a = -2*a. Suppose a = 5*y - 7*y + 658. Is y composite?
True
Is (-2 + 4 - 0) + 919 composite?
True
Let l be (-4)/(-6) + (-32)/48. Let z(g) = 18*g**3 - 3*g + 2. Let d be z(4). Suppose l*q - d = -2*q. Is q a prime number?
True
Suppose -21 = -3*x + 2*r, -12 = r + 3*r. Suppose 4*d - x*f - 16 = 0, -d + 0*d + 4 = -3*f. Let a(j) = j**3 + 3. Is a(d) a prime number?
True
Let t = -8 + 9. Let m(x) = -7*x - 2. Let n be m(t). Is (-172)/(-5) + n/(-15) prime?
False
Let r = 3423 - -10068. Suppose 11*y - 2*y - r = 0. Is y composite?
False
Let s = 1566 - -974. Suppose 7*t - 3*t = s. Is t a prime number?
False
Suppose 4*i = 20, -b - 4*i + 0*i = -57. Is b composite?
False
Let l be (-141)/(-12)*-6*2. Let p = l + 282. Suppose -6*j = -7*j + p. Is j prime?
False
Let s(x) = -10*x - 37. Let q be s(15). Is (-8 - -9)/((-1)/q) prime?
False
Let y(r) = -57*r**3 - 5*r**2 - 3*r - 1. Let n be y(-3). Suppose -21*x - n = -23*x. Is x prime?
True
Let d = -19 - -30. Let c(v) = -1 - 6 + 7*v + 68*v**2 - d*v. Is c(5) a prime number?
False
Let n(v) = v - 14. Let k be n(19). Let o(p) = 243*p - 1. Is o(k) a composite number?
True
Let c = 9 - 7. Suppose -c*x + 20 = 3*x. Suppose x*t - i = 1173, 4*t + 3*i = -t + 1462. Is t composite?
False
Suppose 0 = 3*g - 2*y - 14, 0 = -4*g + 4*y - 2*y + 16. Let r be 12 - (3 - (g + -2)). Suppose r*v = 7*v + 2342. Is v a composite number?
False
Let b be (-3 + 2)/((-3)/19281). Suppose 9*w - 5822 = b. Is w composite?
False
Let a = -8 - -10. Let c(u) = -12 - 11 - 13*u**2 + u**3 + a*u + 10. Is c(13) a composite number?
False
Suppose -6763 = -6*q + 2*q - k, -q + 3*k = -1694. Let j be (-724)/(-8)*(6 - -2). Let r = q - j. Is r a prime number?
True
Let v = -11637 - -17854. Is v prime?
True
Suppose 3*b + 1115 = 5*u, -4*u = 3*b - 8*b - 1841. Let g be b - (2 + -3 - -1). Let w = 120 - g. Is w prime?
False
Suppose -6 = 3*g + 30. Let l(i) = 10*i**3 - 3*i - 12*i**2 - 9*i - 11*i**3 + 1. Is l(g) prime?
False
Suppose 30*a - 240434 = 441136. Is a a prime number?
False
Let h(a) be the first derivative of 7*a**3/3 - 11*a**2/2 + 17*a - 25. Is h(-14) composite?
False
Let x be 3*3*42/(-27). Is 191016/98 + 2/x composite?
False
Is -7 - (2 - 48428)/7 a prime number?
True
Suppose -3*s - 3*b = -237005 - 275470, 5*s - b = 854107. Is s composite?
True
Let s be (-6 - 0 - -8) + 1812/2. Suppose s = -5*t + 5383. Is t prime?
False
Let k(p) = -p**2 + 11*p - 6. Let i be k(11). Let n(d) = -d**3 - 7*d**2 - 5*d + 2. Let w be n(i). Is (72/60)/(w/(-50)) composite?
True
Let q = 368 + 16. Suppose -2*w = -58 - q. Is w a prime number?
False
Suppose 4*n - c - 2 = 5, -4 = -3*n + 2*c. Suppose 0 = a + 4 - n. Let m = a + 5. Is m composite?
False
Suppose -41436 + 136248 = 12*p. Is p prime?
True
Let z(q) = 149*q**2 - 13*q + 3. Is z(-5) prime?
True
Suppose -3*a - 47 = -4*a - 5*n, 2*n - 47 = -a. Suppose 4*l - a = -15. Let m(k) = -k**3 + 10*k**2 - 8*k + 3. Is m(l) a composite number?
False
Suppose 3*r = 4*h - 365770, r - 142056 = -4*h + 223706. Is h prime?
False
Suppose -4*b + 866 = -2594. Is b prime?
False
Let d = -233 + 475. Let q = 361 - d. Is q composite?
True
Let i(d) = -4*d + 2. Let t be i(-3). Let w be (36/t)/((-5)/(-35)). Is 12/w - 667/(-3) composite?
False
Let j(n) = -47*n**2 - 2*n - 1. Let i(u) = u**3 - u - 1. Let l be i(-1). Let r be j(l). Let s = 843 + r. Is s a prime number?
True
Let b = -8 - -13. Let v be (-238)/(-2) - (-2 + b). Is ((-21)/14)/((-3)/v) prime?
False
Let p(y) = -18 - 2*y + 0 + 2*y - 23*y. Is p(-4) composite?
True
Let t = 8 + -11. Let h(y) = -32*y**3 - 5*y**2 - y + 3. Let f be h(t). Suppose -38 + f = g. Is g prime?
True
Let n(a) = -51*a + 10021. Is n(0) a prime number?
False
Let z be (30/7 - 4) + 3523/(-7). Suppose -2*x + 5*g - 398 = 0, -2*g - 1 = 3. Let s = x - z. Is s composite?
True
Let n(i) = -2*i**3 - 2*i**2 - 12*i + 9. Let y(q) = -q**3 - 3*q**2 - 11*q + 10. Let s(j) = 2*n(j) - 3*y(j). Is s(5) a composite number?
True
Let u be (1 + -1)*21/(-21). Let t(c) = -c**2 - 6*c + 2869. Is t(u) composite?
True
Is (0 + 1)/(150/4368450) a composite number?
False
Is 782535/117 - 8/(-12) a composite number?
False
Let v = -1345 - -553. Let s = v - -1123. Is s composite?
False
Is 2320/2 + -2 + 5 prime?
True
Let w = -35803 + 64730. Is w a prime number?
True
Suppose 9*h - 3*h - 30 = 0. Suppose -h*l + 635 = -320. Is l a prime number?
True
Let p(t) = -44*t + 6. Let n be p(-18). Suppose 3*i - 555 = n. Is i prime?
False
Let z(o) = -3*o + 1279. Let x be z(0). Let n = 2936 - x. Is n prime?
True
Suppose -s = -3*n - 32, 31 + 13 = 3*s + 4*n. Suppose 17*q = 13*q + s. Suppose 0 = q*w + y - 405, -65 = -2*w + 5*y + 124. Is w a composite number?
True
Let t = 50 - -127. Let o(i) = -i**3 - 2*i**2 - 3*i + 4. Let d be o(3). Let x = d + t. Is x a prime number?
True
Suppose -3*s = 2*x - 5034, -4*x + 10532 - 432 = -2*s. Let v = -1124 + x. Is v a composite number?
False
Suppose -12*h + 140 = -19*h. Let o(w) = 5*w**2 - 12*w - 49. Is o(h) prime?
False
Let w(j) = 8*j 